{"id":1549,"date":"2024-12-24T07:12:32","date_gmt":"2024-12-24T06:12:32","guid":{"rendered":"https:\/\/sophrologie-domicile.com\/?page_id=1549"},"modified":"2025-10-02T13:18:36","modified_gmt":"2025-10-02T11:18:36","slug":"prendre-rdv-en-visio","status":"publish","type":"page","link":"https:\/\/sophrologie-domicile.com\/index.php\/prendre-rdv-en-visio\/","title":{"rendered":"Prendre rdv en visio"},"content":{"rendered":"\n<figure class=\"wp-block-image size-large\"><img loading=\"lazy\" decoding=\"async\" width=\"1024\" height=\"512\" src=\"https:\/\/sophrologie-domicile.com\/wp-content\/uploads\/2024\/12\/@sd-seances-visio.zip-1-1024x512.png\" alt=\"\" class=\"wp-image-1594\" srcset=\"https:\/\/sophrologie-domicile.com\/wp-content\/uploads\/2024\/12\/@sd-seances-visio.zip-1-1024x512.png 1024w, https:\/\/sophrologie-domicile.com\/wp-content\/uploads\/2024\/12\/@sd-seances-visio.zip-1-300x150.png 300w, https:\/\/sophrologie-domicile.com\/wp-content\/uploads\/2024\/12\/@sd-seances-visio.zip-1-768x384.png 768w, https:\/\/sophrologie-domicile.com\/wp-content\/uploads\/2024\/12\/@sd-seances-visio.zip-1-1536x768.png 1536w, https:\/\/sophrologie-domicile.com\/wp-content\/uploads\/2024\/12\/@sd-seances-visio.zip-1-1568x784.png 1568w, https:\/\/sophrologie-domicile.com\/wp-content\/uploads\/2024\/12\/@sd-seances-visio.zip-1.png 1600w\" sizes=\"auto, (max-width: 1024px) 100vw, 1024px\" \/><\/figure>\n\n\n\n<figure class=\"wp-block-image size-large\"><img loading=\"lazy\" decoding=\"async\" width=\"1024\" height=\"512\" src=\"https:\/\/sophrologie-domicile.com\/wp-content\/uploads\/2024\/12\/@sd-seances-visio-9-1024x512.png\" alt=\"\" class=\"wp-image-1639\" srcset=\"https:\/\/sophrologie-domicile.com\/wp-content\/uploads\/2024\/12\/@sd-seances-visio-9-1024x512.png 1024w, https:\/\/sophrologie-domicile.com\/wp-content\/uploads\/2024\/12\/@sd-seances-visio-9-300x150.png 300w, https:\/\/sophrologie-domicile.com\/wp-content\/uploads\/2024\/12\/@sd-seances-visio-9-768x384.png 768w, https:\/\/sophrologie-domicile.com\/wp-content\/uploads\/2024\/12\/@sd-seances-visio-9-1536x768.png 1536w, https:\/\/sophrologie-domicile.com\/wp-content\/uploads\/2024\/12\/@sd-seances-visio-9-1568x784.png 1568w, https:\/\/sophrologie-domicile.com\/wp-content\/uploads\/2024\/12\/@sd-seances-visio-9.png 1600w\" sizes=\"auto, (max-width: 1024px) 100vw, 1024px\" \/><\/figure>\n\n\n\n<figure class=\"wp-block-image size-large\"><img loading=\"lazy\" decoding=\"async\" width=\"1024\" height=\"459\" src=\"https:\/\/sophrologie-domicile.com\/wp-content\/uploads\/2024\/12\/@sd-seances-visio.zip-3-1024x459.jpeg\" alt=\"\" class=\"wp-image-1605\" srcset=\"https:\/\/sophrologie-domicile.com\/wp-content\/uploads\/2024\/12\/@sd-seances-visio.zip-3-1024x459.jpeg 1024w, https:\/\/sophrologie-domicile.com\/wp-content\/uploads\/2024\/12\/@sd-seances-visio.zip-3-300x134.jpeg 300w, https:\/\/sophrologie-domicile.com\/wp-content\/uploads\/2024\/12\/@sd-seances-visio.zip-3-768x344.jpeg 768w, https:\/\/sophrologie-domicile.com\/wp-content\/uploads\/2024\/12\/@sd-seances-visio.zip-3-1536x688.jpeg 1536w, https:\/\/sophrologie-domicile.com\/wp-content\/uploads\/2024\/12\/@sd-seances-visio.zip-3-1568x703.jpeg 1568w, https:\/\/sophrologie-domicile.com\/wp-content\/uploads\/2024\/12\/@sd-seances-visio.zip-3.jpeg 1600w\" sizes=\"auto, (max-width: 1024px) 100vw, 1024px\" \/><\/figure>\n\n\n\n<figure class=\"wp-block-image size-large\"><img loading=\"lazy\" decoding=\"async\" width=\"1024\" height=\"512\" src=\"https:\/\/sophrologie-domicile.com\/wp-content\/uploads\/2024\/12\/@sd-seances-visio-7-1024x512.png\" alt=\"\" class=\"wp-image-1622\" srcset=\"https:\/\/sophrologie-domicile.com\/wp-content\/uploads\/2024\/12\/@sd-seances-visio-7-1024x512.png 1024w, https:\/\/sophrologie-domicile.com\/wp-content\/uploads\/2024\/12\/@sd-seances-visio-7-300x150.png 300w, https:\/\/sophrologie-domicile.com\/wp-content\/uploads\/2024\/12\/@sd-seances-visio-7-768x384.png 768w, https:\/\/sophrologie-domicile.com\/wp-content\/uploads\/2024\/12\/@sd-seances-visio-7-1536x768.png 1536w, https:\/\/sophrologie-domicile.com\/wp-content\/uploads\/2024\/12\/@sd-seances-visio-7-1568x784.png 1568w, https:\/\/sophrologie-domicile.com\/wp-content\/uploads\/2024\/12\/@sd-seances-visio-7.png 1600w\" sizes=\"auto, (max-width: 1024px) 100vw, 1024px\" \/><\/figure>\n\n\n\n<div style=\"height:12px\" aria-hidden=\"true\" class=\"wp-block-spacer\"><\/div>\n\n\n\n<figure class=\"wp-block-image size-full\"><img loading=\"lazy\" decoding=\"async\" width=\"1600\" height=\"800\" src=\"https:\/\/sophrologie-domicile.com\/wp-content\/uploads\/2024\/12\/@sd-seances-visio-8.png\" alt=\"\" class=\"wp-image-1634\" srcset=\"https:\/\/sophrologie-domicile.com\/wp-content\/uploads\/2024\/12\/@sd-seances-visio-8.png 1600w, https:\/\/sophrologie-domicile.com\/wp-content\/uploads\/2024\/12\/@sd-seances-visio-8-300x150.png 300w, https:\/\/sophrologie-domicile.com\/wp-content\/uploads\/2024\/12\/@sd-seances-visio-8-1024x512.png 1024w, https:\/\/sophrologie-domicile.com\/wp-content\/uploads\/2024\/12\/@sd-seances-visio-8-768x384.png 768w, https:\/\/sophrologie-domicile.com\/wp-content\/uploads\/2024\/12\/@sd-seances-visio-8-1536x768.png 1536w, https:\/\/sophrologie-domicile.com\/wp-content\/uploads\/2024\/12\/@sd-seances-visio-8-1568x784.png 1568w\" sizes=\"auto, (max-width: 1600px) 100vw, 1600px\" \/><\/figure>\n\n\n\n<figure class=\"wp-block-image size-full\"><a href=\"https:\/\/calendly.com\/sophroffice-visio\/seance-individuelle-de-sophrologie\"><img loading=\"lazy\" decoding=\"async\" width=\"1600\" height=\"1300\" src=\"https:\/\/sophrologie-domicile.com\/wp-content\/uploads\/2024\/12\/@sd-agenda-en-ligne.png\" alt=\"\" class=\"wp-image-1610\" srcset=\"https:\/\/sophrologie-domicile.com\/wp-content\/uploads\/2024\/12\/@sd-agenda-en-ligne.png 1600w, https:\/\/sophrologie-domicile.com\/wp-content\/uploads\/2024\/12\/@sd-agenda-en-ligne-300x244.png 300w, https:\/\/sophrologie-domicile.com\/wp-content\/uploads\/2024\/12\/@sd-agenda-en-ligne-1024x832.png 1024w, https:\/\/sophrologie-domicile.com\/wp-content\/uploads\/2024\/12\/@sd-agenda-en-ligne-768x624.png 768w, https:\/\/sophrologie-domicile.com\/wp-content\/uploads\/2024\/12\/@sd-agenda-en-ligne-1536x1248.png 1536w, https:\/\/sophrologie-domicile.com\/wp-content\/uploads\/2024\/12\/@sd-agenda-en-ligne-1568x1274.png 1568w\" sizes=\"auto, (max-width: 1600px) 100vw, 1600px\" \/><\/a><\/figure>\n\n\n\n<figure class=\"wp-block-image size-full\"><a href=\"https:\/\/www.paypal.com\/donate\/?hosted_button_id=MVMCY4SD3WKQ6\"><img loading=\"lazy\" decoding=\"async\" width=\"1600\" height=\"1098\" src=\"https:\/\/sophrologie-domicile.com\/wp-content\/uploads\/2024\/12\/@sd-agenda-en-ligne-.zip-3.jpeg\" alt=\"\" class=\"wp-image-1637\" srcset=\"https:\/\/sophrologie-domicile.com\/wp-content\/uploads\/2024\/12\/@sd-agenda-en-ligne-.zip-3.jpeg 1600w, https:\/\/sophrologie-domicile.com\/wp-content\/uploads\/2024\/12\/@sd-agenda-en-ligne-.zip-3-300x206.jpeg 300w, https:\/\/sophrologie-domicile.com\/wp-content\/uploads\/2024\/12\/@sd-agenda-en-ligne-.zip-3-1024x703.jpeg 1024w, https:\/\/sophrologie-domicile.com\/wp-content\/uploads\/2024\/12\/@sd-agenda-en-ligne-.zip-3-768x527.jpeg 768w, https:\/\/sophrologie-domicile.com\/wp-content\/uploads\/2024\/12\/@sd-agenda-en-ligne-.zip-3-1536x1054.jpeg 1536w, https:\/\/sophrologie-domicile.com\/wp-content\/uploads\/2024\/12\/@sd-agenda-en-ligne-.zip-3-1568x1076.jpeg 1568w\" sizes=\"auto, (max-width: 1600px) 100vw, 1600px\" \/><\/a><\/figure>\n\n\n\n<p class=\"has-text-color has-link-color has-extra-small-font-size wp-elements-0193d8a075335b22701410a915b104c4\" style=\"color:#4547d9\">Pour toute question compl\u00e9mentaire, avant ou apr\u00e8s votre r\u00e9servation, vous pouvez laisser un message dans la rubrique \u00ab&nbsp;contact&nbsp;\u00bb du menu.<\/p>\n\n\n<div class=\"wp-block-image\">\n<figure class=\"aligncenter size-full is-resized\"><img loading=\"lazy\" decoding=\"async\" width=\"913\" height=\"483\" src=\"https:\/\/sophrologie-domicile.com\/wp-content\/uploads\/2024\/12\/Logo-SD.fr_-edited.jpeg\" alt=\"\" class=\"wp-image-1602\" style=\"width:264px;height:auto\" srcset=\"https:\/\/sophrologie-domicile.com\/wp-content\/uploads\/2024\/12\/Logo-SD.fr_-edited.jpeg 913w, https:\/\/sophrologie-domicile.com\/wp-content\/uploads\/2024\/12\/Logo-SD.fr_-edited-300x159.jpeg 300w, https:\/\/sophrologie-domicile.com\/wp-content\/uploads\/2024\/12\/Logo-SD.fr_-edited-768x406.jpeg 768w\" sizes=\"auto, (max-width: 913px) 100vw, 913px\" \/><\/figure>\n<\/div>","protected":false},"excerpt":{"rendered":"<p>Pour toute question compl\u00e9mentaire, avant ou apr\u00e8s votre r\u00e9servation, vous pouvez laisser un message dans la rubrique \u00ab&nbsp;contact&nbsp;\u00bb du menu.<\/p>\n","protected":false},"author":1,"featured_media":0,"parent":0,"menu_order":0,"comment_status":"closed","ping_status":"closed","template":"","meta":{"om_disable_all_campaigns":false,"_monsterinsights_skip_tracking":false,"_monsterinsights_sitenote_active":false,"_monsterinsights_sitenote_note":"","_monsterinsights_sitenote_category":0,"footnotes":""},"class_list":["post-1549","page","type-page","status-publish","hentry","entry"],"aioseo_notices":[],"_links":{"self":[{"href":"https:\/\/sophrologie-domicile.com\/index.php\/wp-json\/wp\/v2\/pages\/1549","targetHints":{"allow":["GET"]}}],"collection":[{"href":"https:\/\/sophrologie-domicile.com\/index.php\/wp-json\/wp\/v2\/pages"}],"about":[{"href":"https:\/\/sophrologie-domicile.com\/index.php\/wp-json\/wp\/v2\/types\/page"}],"author":[{"embeddable":true,"href":"https:\/\/sophrologie-domicile.com\/index.php\/wp-json\/wp\/v2\/users\/1"}],"replies":[{"embeddable":true,"href":"https:\/\/sophrologie-domicile.com\/index.php\/wp-json\/wp\/v2\/comments?post=1549"}],"version-history":[{"count":24,"href":"https:\/\/sophrologie-domicile.com\/index.php\/wp-json\/wp\/v2\/pages\/1549\/revisions"}],"predecessor-version":[{"id":1684,"href":"https:\/\/sophrologie-domicile.com\/index.php\/wp-json\/wp\/v2\/pages\/1549\/revisions\/1684"}],"wp:attachment":[{"href":"https:\/\/sophrologie-domicile.com\/index.php\/wp-json\/wp\/v2\/media?parent=1549"}],"curies":[{"name":"wp","href":"https:\/\/api.w.org\/{rel}","templated":true}]}}